{"id":1932,"date":"2023-12-24T06:48:30","date_gmt":"2023-12-24T06:48:30","guid":{"rendered":"http:\/\/smwtarka.pl\/?page_id=1932"},"modified":"2025-01-02T18:01:46","modified_gmt":"2025-01-02T18:01:46","slug":"regulamin-kar","status":"publish","type":"page","link":"https:\/\/smwtarka.pl\/?page_id=1932","title":{"rendered":"Regulamin kar"},"content":{"rendered":"<p>&nbsp;<\/p>\n<p><strong>Regulamin kar SMW Tarka 2025r.<\/strong><\/p>\n<ol>\n<li>Kradzie\u017c ryb \u2013 usuni\u0119cie<\/li>\n<li>Zabieranie ryb niezgodnie z regulaminem- usuni\u0119cie<\/li>\n<li>Niepoddanie si\u0119 kontroli \u2013 usuni\u0119cie<\/li>\n<li>\u015amiecenie- 10 h prac na rzecz Stowarzyszenia lub 30 dni wstrzymana karta.<\/li>\n<li>Parkowanie w niedozwolonym miejscu, je\u017cd\u017cenie po wa\u0142ach \u2013 10h prac na rzecz Stowarzyszenia lub wstrzymana karty na 30 dni.<\/li>\n<li>Utrudnianie prac na Tarce (koszenie, nie usuni\u0119cie samochodu, w\u0119dek, itp.) &#8211; 5h prac na rzecz Stowarzyszenia lub 21 dni wstrzymana karta.<\/li>\n<li>Nieu\u017cywanie podbieraka ,brak odka\u017cacza, niew\u0142a\u015bciwe obchodzenie si\u0119 ryb\u0105 &#8211; 5h prac na rzecz Stowarzyszenia lub 21 dni wstrzymana karta.<\/li>\n<li>Za brak okazania wpisu z\u0142owionej ryby innemu cz\u0142onkowi &#8211; 14 dni wstrzymana karta lub 5h prac na rzecz SMW Tarka.<\/li>\n<li>Za zabranie ryby niezgodnej z regulaminem lub po za limitem obowi\u0105zuje oplata w wysoko\u015bci 500 z\u0142otych plus 400 z\u0142otych za ka\u017cdy kilogram ryby.<\/li>\n<\/ol>\n<p>Wstrzymanie karty liczy si\u0119 od czasu oddania zarz\u0105dowi<\/p>\n","protected":false},"excerpt":{"rendered":"<p>&nbsp; Regulamin kar SMW Tarka 2025r. Kradzie\u017c ryb \u2013 usuni\u0119cie Zabieranie ryb niezgodnie z regulaminem- usuni\u0119cie Niepoddanie si\u0119 kontroli \u2013 usuni\u0119cie \u015amiecenie- 10 h prac na rzecz Stowarzyszenia lub 30 dni wstrzymana karta. Parkowanie w niedozwolonym miejscu, je\u017cd\u017cenie po wa\u0142ach \u2013 10h prac na rzecz Stowarzyszenia lub wstrzymana karty na 30 dni. Utrudnianie prac na [&hellip;]<\/p>\n","protected":false},"author":1,"featured_media":0,"parent":0,"menu_order":0,"comment_status":"closed","ping_status":"closed","template":"","meta":{"ngg_post_thumbnail":0,"footnotes":""},"class_list":["post-1932","page","type-page","status-publish","hentry"],"_links":{"self":[{"href":"https:\/\/smwtarka.pl\/index.php?rest_route=\/wp\/v2\/pages\/1932","targetHints":{"allow":["GET"]}}],"collection":[{"href":"https:\/\/smwtarka.pl\/index.php?rest_route=\/wp\/v2\/pages"}],"about":[{"href":"https:\/\/smwtarka.pl\/index.php?rest_route=\/wp\/v2\/types\/page"}],"author":[{"embeddable":true,"href":"https:\/\/smwtarka.pl\/index.php?rest_route=\/wp\/v2\/users\/1"}],"replies":[{"embeddable":true,"href":"https:\/\/smwtarka.pl\/index.php?rest_route=%2Fwp%2Fv2%2Fcomments&post=1932"}],"version-history":[{"count":4,"href":"https:\/\/smwtarka.pl\/index.php?rest_route=\/wp\/v2\/pages\/1932\/revisions"}],"predecessor-version":[{"id":2129,"href":"https:\/\/smwtarka.pl\/index.php?rest_route=\/wp\/v2\/pages\/1932\/revisions\/2129"}],"wp:attachment":[{"href":"https:\/\/smwtarka.pl\/index.php?rest_route=%2Fwp%2Fv2%2Fmedia&parent=1932"}],"curies":[{"name":"wp","href":"https:\/\/api.w.org\/{rel}","templated":true}]}}